211
-103 (base 5) to base 9
-31
157 (base 9) to base 12
b1
-2 (base 8) to base 15
-2
What is -1 (base 15) in base 4?
-1
-10010 (base 3) to base 4
-1110
3 (base 12) to base 10
3
Convert 7 (base 14) to base 2.
111
What is 7 (base 10) in base 12?
7
What is 8 (base 16) in base 5?
13
-6 (base 8) to base 6
-10
332 (base 5) to base 10
92
1c0 (base 13) to base 16
145
Convert 0 (base 3) to base 11.
0
What is -d (base 15) in base 4?
-31
1211 (base 4) to base 13
7a
Convert -121 (base 5) to base 6.
-100
-1 (base 15) to base 8
-1
What is 12 (base 4) in base 6?
10
What is -1223 (base 4) in base 8?
-153
What is 1 (base 6) in base 2?
1
What is 10 (base 4) in base 8?
4
8 (base 9) to base 7
11
Convert 10 (base 3) to base 2.
11
What is 2043 (base 5) in base 14?
157
What is -13 (base 11) in base 15?
-e
26 (base 8) to base 10
22
255 (base 7) to base 15
93
What is -25 (base 8) in base 15?
-16
-26 (base 7) to base 12
-18
6 (base 13) to base 7
6
501 (base 6) to base 7
346
What is 221 (base 4) in base 13?
32
What is 6d (base 14) in base 2?
1100001
What is -110 (base 2) in base 16?
-6
What is -1022 (base 3) in base 9?
-38
What is -11 (base 9) in base 8?
-12
Convert 10 (base 2) to base 5.
2
Convert -15 (base 13) to base 12.
-16
What is 10 (base 5) in base 12?
5
Convert c6 (base 13) to base 5.
1122
1 (base 4) to base 11
1
Convert 323 (base 4) to base 3.
2012
20 (base 3) to base 8
6
100 (base 6) to base 2
100100
What is 240 (base 6) in base 9?
116
-6 (base 15) to base 4
-12
Convert 2 (base 9) to base 4.
2
Convert 274 (base 11) to base 16.
143
What is -100010 (base 2) in base 11?
-31
-1 (base 16) to base 15
-1
-1012 (base 4) to base 2
-1000110
What is 1 (base 4) in base 6?
1
Convert 54 (base 6) to base 13.
28
What is -c5 (base 13) in base 3?
-12222
What is 13 (base 7) in base 10?
10
103 (base 4) to base 12
17
What is -20 (base 10) in base 5?
-40
What is 101 (base 6) in base 13?
2b
Convert b (base 12) to base 5.
21
What is -110100 (base 2) in base 7?
-103
Convert 531 (base 8) to base 3.
110210
What is -20 (base 5) in base 16?
-a
-216 (base 9) to base 14
-c9
Convert 100111 (base 2) to base 16.
27
Convert -30 (base 9) to base 13.
-21
Convert -a (base 11) to base 7.
-13
What is -3 (base 7) in base 4?
-3
Convert 57 (base 11) to base 5.
222
What is 0 (base 15) in base 16?
0
Convert 202 (base 4) to base 7.
46
Convert 10 (base 5) to base 12.
5
-31 (base 6) to base 11
-18
-105 (base 6) to base 12
-35
Convert 4 (base 5) to base 12.
4
47 (base 14) to base 6
143
Convert -1020 (base 6) to base 15.
-103
What is -8 (base 13) in base 12?
-8
-37 (base 8) to base 3
-1011
What is -3 (base 8) in base 12?
-3
Convert -1 (base 9) to base 13.
-1
What is -4 (base 5) in base 15?
-4
Convert 3 (base 6) to base 3.
10
Convert -76 (base 16) to base 8.
-166
136 (base 8) to base 3
10111
151 (base 8) to base 4
1221
0 (base 12) to base 13
0
-8 (base 14) to base 6
-12
Convert -92 (base 11) to base 8.
-145
What is 114 (base 6) in base 2?
101110
What is -1 (base 10) in base 2?
-1
-27 (base 10) to base 8
-33
Convert 23 (base 15) to base 9.
36
Convert 5c (base 14) to base 6.
214
3a (base 16) to base 14
42
What is -9 (base 10) in base 11?
-9
Convert 132 (base 4) to base 8.
36
Convert -300 (base 4) to base 6.
-120
34 (base 8) to base 6
44
What is -10 (base 16) in base 13?
-13
-331 (base 6) to base 11
-106
3 (base 4) to base 2
11
Convert -3 (base 9) to base 14.
-3
13 (base 12) to base 7
21
Convert -b (base 16) to base 15.
-b
Convert -1 (base 5) to base 10.
-1
What is -6 (base 11) in base 10?
-6
-10 (base 3) to base 16
-3
What is -12 (base 13) in base 3?
-120
What is 11 (base 3) in base 9?
4
What is 10 (base 5) in base 12?
5
What is c (base 14) in base 8?
14
What is -110 (base 2) in base 15?
-6
22 (base 3) to base 16
8
3 (base 10) to base 5
3
Convert 16 (base 10) to base 2.
10000
Convert 88 (base 9) to base 11.
73
What is -6 (base 14) in base 5?
-11
Convert 5 (base 8) to base 15.
5
-1443 (base 5) to base 6
-1052
-14 (base 7) to base 6
-15
What is 48 (base 11) in base 5?
202
What is -5 (base 6) in base 12?
-5
What is 4 (base 15) in base 11?
4
What is -376 (base 8) in base 7?
-512
What is 6 (base 8) in base 14?
6
What is 3 (base 15) in base 2?
11
Convert 5 (base 6) to base 11.
5
-10 (base 8) to base 3
-22
What is 0 (base 6) in base 5?
0
What is 8 (base 11) in base 9?
8
-7 (base 16) to base 6
-11
-4 (base 6) to base 8
-4
Convert -11 (base 3) to base 9.
-4
Convert 54 (base 7) to base 11.
36
What is 43 (base 8) in base 6?
55
1d0 (base 15) to base 2
110100100
Convert 0 (base 6) to base 15.
0
What is -4 (base 10) in base 11?
-4
What is 61 (base 11) in base 5?
232
-121 (base 10) to base 16
-79
What is 1000 (base 2) in base 3?
22
-1 (base 9) to base 11
-1
Convert -1a (base 11) to base 7.
-30
What is 131 (base 12) in base 7?
346
What is -8 (base 15) in base 4?
-20
Convert -4 (base 15) to base 14.
-4
1 (base 3) to base 16
1
What is -3 (base 11) in base 9?
-3
What is 16 (base 11) in base 10?
17
What is 3 (base 13) in base 9?
3
11101101 (base 2) to base 11
1a6
Convert -12 (base 16) to base 10.
-18
Convert -3 (base 4) to base 5.
-3
Convert 23 (base 9) to base 15.
16
What is -211 (base 8) in base 4?
-2021
Convert -33 (base 6) to base 15.
-16
4 (base 8) to base 9
4
-3 (base 12) to base 3
-10
1 (base 5) to base 8
1
Convert -85 (base 16) to base 5.
-1013
Convert -25 (base 14) to base 16.
-21
What is -1 (base 16) in base 3?
-1
-2 (base 11) to base 14
-2
Convert 44 (base 5) to base 3.
220
Convert -271 (base 9) to base 16.
-e2
-161 (base 7) to base 6
-232
-148 (base 9) to base 2
-1111101
What is 1a (base 11) in base 4?
111
-2 (base 5) to base 7
-2
Convert -10 (base 14) to base 16.
-e
111 (base 6) to base 15
2d
-8 (base 9) to base 8
-10
What is -6a (base 12) in base 16?
-52
0 (base 15) to base 2
0
1122 (base 3) to base 9
48
Convert -8 (base 14) to base 13.
-8
Convert 7 (base 11) to base 6.
11
Convert -5b (base 12) to base 3.
-2122
Convert -123 (base 9) to base 15.
-6c
Convert 1 (base 4) to base 7.
1
16 (base 13) to base 9
21
Convert 0 (base 16) to base 13.
0
What is 0 (base 15) in base 6?
0
What is -2 (base 9) in base 15?
-2
What is 41 (base 7) in base 9?
32
Convert 7 (base 8) to base 7.
10
Convert a (base 12) to base 7.
13
What is -10 (base 4) in base 2?
-100
-300 (base 4) to base 11
-44
Convert -9a (base 13) to base 8.
-177
-11 (base 4) to base 7
-5
What is -1 (base 2) in base 6?
-1
What is 10 (base 9) in base 11?
9
What is 200 (base 3) in base 15?
13
-1100 (base 2) to base 16
-c
What is 3 (base 11) in base 2?
11
Convert 1003 (base 5) to base 6.
332
What is -30 (base 4) in base 6?
-20
What is 49 (base 12) in base 10?
57
6 (base 8) to base 4
12
Convert 3 (base 14) to base 15.
3
111200 (base 3) to base 5
2434
-3c (base 15) to base 10
-57
What is 2 (base 15) in base 6?
2
Convert 336 (base 7) to base 4.
2232
Convert 0 (base 8) to base 5.
0
Convert 3 (base 15) to base 9.
3
-1224 (base 5) to base 9
-230
What is -5c (base 15) in base 10?
-87
Convert 4 (base 11) to base 7.
4
What is 13 (base 4) in base 8?
7
What is -10a (base 13) in base 14?
-cb
-10 (base 4) to base 12
-4
-78 (base 9) to base 11
-65
What is 3 (base 4) in base 12?
3
2 (base 3) to base 6
2
0 (base 9) to base 16
0
-317 (base 8) to base 7
-414
What is 90 (base 10) in base 7?
156
Convert -7 (base 15) to base 10.
-7
What is 0 (base 16) in base 7?
0
-3 (base 14) to base 10
-3
-6 (base 13) to base 4
-12
Convert 232 (base 5) to base 9.
74
2 (base 8) to base 3
2
What is 24 (base 14) in base 2?
100000
What is -3 (base 7) in base 5?
-3
What is 101 (base 2) in base 14?
5
-4d (base 16) to base 6
-205
Convert 9 (base 10) to base 3.
100
Convert -1 (base 3) to base 11.
-1
-1 (base 2) to base 3
-1
What is 23 (base 15) in base 12?
29
Convert 4 (base 11) to base 8.
4
4 (base 7) to base 9
4
3 (base 14) to base 7
3
1b (base 12) to base 9
25
What is -6 (base 11) in base 3?
-20
What is 126 (base 11) in base 4?
2111
-2 (base 8) to base 6
-2
What is 21 (base 13) in base 11?
25
-21 (base 4) to base 6
-13
Convert 13 (base 7) to base 5.
20
33 (base 7) to base 10
24
What is -2 (base 3) in base 2?
-10
What is -36 (base 14) in base 2?
-110000
Convert -8 (base 10) to base 4.
-20
-16 (base 8) to base 3
-112
Convert 6 (base 10) to base 6.
10
3 (base 9) to base 14
3
What is 6 (base 16) in base 4?
12
2 (base